22
Calculate the highest common divisor of 99 and 71050617.
99
Calculate the highest common divisor of 511 and 166422991.
511
Calculate the highest common factor of 3923364300 and 4425.
4425
What is the greatest common factor of 800 and 311425?
25
Calculate the highest common factor of 2624 and 45485072.
656
What is the greatest common factor of 43270944 and 141150?
5646
Calculate the highest common divisor of 767160649 and 799.
799
Calculate the greatest common factor of 413465624 and 88.
88
What is the highest common factor of 97832 and 320376?
56
What is the highest common factor of 129414 and 10?
2
What is the highest common factor of 271233 and 198?
9
What is the highest common factor of 134892 and 3959330?
2498
What is the highest common factor of 6729080 and 320?
40
Calculate the greatest common factor of 15702 and 44142.
6
What is the greatest common factor of 29409192 and 20?
4
Calculate the greatest common divisor of 10615 and 89177.
11
What is the highest common divisor of 8343 and 484569783?
8343
What is the greatest common factor of 1529123 and 36980?
1849
Calculate the highest common divisor of 216 and 7924932.
108
Calculate the highest common divisor of 66182804 and 2196.
244
Calculate the highest common factor of 644790 and 3810.
30
Calculate the greatest common factor of 40 and 2115976.
8
What is the highest common divisor of 3395052 and 126?
18
Calculate the greatest common divisor of 2161371 and 93783.
2181
What is the highest common factor of 3732706 and 1247?
29
Calculate the highest common divisor of 18714498 and 330.
66
Calculate the greatest common factor of 210 and 1560783.
21
What is the greatest common divisor of 50184 and 1915696?
136
Calculate the highest common divisor of 39712 and 35322656.
2336
Calculate the greatest common factor of 43105 and 54871.
37
Calculate the greatest common factor of 450 and 30261510.
90
What is the highest common divisor of 228482 and 5589?
23
What is the greatest common divisor of 1173 and 315477177?
1173
Calculate the highest common divisor of 99773580 and 480.
60
Calculate the highest common divisor of 10 and 2617253640.
10
What is the greatest common divisor of 1932 and 17894667?
483
Calculate the greatest common factor of 96626199 and 336945.
9627
What is the greatest common factor of 21408 and 221264?
16
Calculate the highest common divisor of 124143110 and 910.
910
What is the highest common divisor of 385065 and 2335545?
1935
Calculate the highest common factor of 33429 and 1447577.
1013
What is the greatest common divisor of 51340602 and 42?
6
What is the highest common divisor of 3446518 and 62?
62
What is the greatest common factor of 252166 and 5342500?
4274
Calculate the greatest common divisor of 52079995 and 31020.
2585
What is the highest common factor of 3282904 and 478?
478
Calculate the greatest common divisor of 376475 and 2281235.
2035
Calculate the highest common divisor of 6018140 and 178160.
2620
What is the highest common divisor of 85971589 and 146?
73
Calculate the highest common factor of 44662 and 602526.
274
Calculate the highest common divisor of 89291191 and 110143.
5797
What is the highest common factor of 1119407442 and 284?
142
Calculate the greatest common factor of 26977 and 303160.
53
Calculate the greatest common divisor of 2867 and 440813.
47
What is the highest common factor of 99397188 and 396?
396
Calculate the highest common divisor of 1984 and 14882790.
62
What is the highest common factor of 433671595 and 175?
35
Calculate the highest common divisor of 13 and 2072870917.
13
What is the greatest common divisor of 3808130 and 1926?
214
Calculate the highest common divisor of 8977000 and 316105.
955
Calculate the greatest common divisor of 34097954 and 4216.
1054
What is the greatest common factor of 222326 and 151164?
442
Calculate the highest common factor of 51906 and 137150.
422
Calculate the greatest common factor of 5296216 and 364392.
1928
What is the greatest common divisor of 19481 and 1432739?
1771
Calculate the highest common factor of 1122 and 4907254.
374
Calculate the highest common divisor of 12027870 and 2675.
535
What is the highest common divisor of 520032 and 324?
12
What is the greatest common divisor of 13 and 4213547?
13
What is the greatest common divisor of 76508 and 2393324?
124
Calculate the highest common divisor of 80 and 100151560.
40
What is the greatest common factor of 71975 and 71375?
25
Calculate the highest common divisor of 187717555 and 155.
155
What is the highest common factor of 41327238 and 17?
17
What is the highest common divisor of 15808 and 843505?
247
Calculate the highest common factor of 35798465 and 575.
115
Calculate the greatest common divisor of 9867 and 183601.
11
Calculate the greatest common factor of 34243 and 1086437.
3113
Calculate the greatest common divisor of 1717 and 28505028.
101
What is the greatest common factor of 61965332 and 748?
44
Calculate the greatest common factor of 856203012 and 5859.
1953
What is the greatest common factor of 71104 and 228866?
2222
Calculate the greatest common factor of 2772 and 2023868.
308
What is the highest common factor of 844464 and 7163484?
2892
Calculate the highest common factor of 2 and 223132214.
2
Calculate the highest common divisor of 12264 and 71551242.
3066
Calculate the highest common factor of 81071746 and 1463.
133
What is the greatest common divisor of 72709015 and 80015?
6155
Calculate the highest common factor of 7133544 and 1496.
88
What is the greatest common divisor of 70195103 and 115?
23
What is the greatest common divisor of 1302450 and 56050?
950
Calculate the greatest common factor of 132 and 7844870.
22
What is the highest common factor of 16053695 and 19040?
595
What is the highest common factor of 1159772 and 11741?
199
Calculate the highest common factor of 576 and 37233270.
18
What is the greatest common divisor of 21423687 and 154953?
5739
What is the greatest common divisor of 2486350 and 9650?
50
What is the greatest common factor of 53483 and 901087?
677
Calculate the greatest common divisor of 31572 and 46786196.
3508
What is the greatest common factor of 12051126 and 4371?
93
Calculate the greatest common divisor of 30 and 476290.
10
Calculate the greatest common factor of 32244851 and 3183.
1061
Calculate the greatest common divisor of 2196 and 562613004.
2196
Calculate the greatest common divisor of 33117 and 138453.
399
Calculate the highest common divisor of 41375031 and 113938.
5179
What is the greatest common divisor of 184 and 79793072?
184
What is the greatest common divisor of 41104 and 238?
14
Calculate the greatest common divisor of 16260321 and 86559.
1419
Calculate the highest common divisor of 99863156 and 821.
821
What is the greatest common divisor of 10491617 and 4559?
97
Calculate the greatest common factor of 21 and 65400909.
21
What is the highest common factor of 16287075 and 18375?
525
What is the highest common divisor of 1339680 and 480?
480
Calculate the greatest common divisor of 57491710 and 5920.
370
Calculate the greatest common factor of 38469790 and 50.
10
What is the greatest common divisor of 33284880 and 720?
720
What is the highest common divisor of 794788490 and 185?
185
Calculate the highest common divisor of 84413 and 155806.
217
What is the greatest common divisor of 1616 and 18331096?
808
What is the greatest common factor of 2340 and 141290955?
585
Calculate the greatest common divisor of 26908 and 2156980.
868
Calculate the highest common divisor of 13867736 and 1912.
1912
Calculate the greatest common divisor of 16 and 2962839728.
16
What is the highest common factor of 20401991 and 19?
19
What is the highest common divisor of 650694 and 2376?
66
Calculate the greatest common divisor of 201200 and 2440.
40
Calculate the highest common divisor of 2240 and 332570.
70
What is the greatest common factor of 5036 and 9068?
4
What is the greatest common divisor of 562 and 324555000?
562
What is the highest common factor of 203 and 1160719?
7
What is the highest common divisor of 110 and 12299650?
110
What is the highest common divisor of 69894288 and 218?
218
Calculate the highest common factor of 82186 and 3582176.
2834
Calculate the greatest common divisor of 4606 and 